*5 + 7*x - 1/3*x**3 + 0*x**2 + 0*x**o + 0. Determine p(-2).
20
Let i(u) = 30*u + 96. Let m be i(-3). Let q(y) = y**3 - 6*y**2 + y - 8. Calculate q(m).
-2
Let c(g) = -g**2 + 0*g - 2*g - 26 + 6*g + 9*g. Let n be c(11). Let m(j) = -j - 3. Give m(n).
1
Let n(s) = -s**3 + 5*s**2 + 5*s + 1. Let h be (((-30)/18)/5)/((-1)/(-6)). Let x(d) = -d**3 + 4*d**2 + 4*d + 2. Let c(v) = h*n(v) + 3*x(v). What is c(3)?
1
Let z = -16 + 9. Suppose 4*u + 0*u = 12. Let y(h) = -5*h + 13*h**2 - 5*h**2 + 9*h**3 - 8*h**u - 9 + 11*h. Calculate y(z).
-2
Let n(b) be the second derivative of b**3/6 + b**2 + 430*b - 2. Calculate n(9).
11
Let q(s) = 2*s - 13. Let x = -22 - -22. Determine q(x).
-13
Let y(a) be the first derivative of 5*a**2 - a + 38. Suppose 5*u - 21 = 4*x, 4*u + 12 = 32. What is y(x)?
9
Let j(t) = t**2. Suppose 0 = -7*q - 174 + 181. Determine j(q).
1
Let c(k) be the third derivative of 2*k**6/15 - k**4/24 - k**3/6 + 2*k**2 + 30*k. Let f(j) = j**3 + 9*j**2 - j - 10. Let r be f(-9). Determine c(r).
-16
Let h(d) = d**3 + 3*d**2 - 5*d - 7. Let u be 2 - (3 - (4 + 3)). Let p(o) = -2*o**3 - 6*o**2 + 10*o + 13. Let w(t) = u*p(t) + 11*h(t). What is w(-4)?
-3
Suppose 37 - 25 = 2*r. Let h(a) = -5*a - r*a + 10*a - 1. Give h(6).
-7
Let x(y) = 8*y**2 + 57*y + 1. Let r(h) = 13*h**2 + 89*h + 2. Let q(l) = -5*r(l) + 8*x(l). What is q(8)?
22
Suppose 0 = 3*k - 5*t + 11, k + 2*t - 5 = 6. Let w be (-2)/2 + (2 - 0) + k. Let n(f) = -f**3 + 4*f**2 + 2*f - 5. What is n(w)?
3
Suppose -3 = -v + 3*u, 4 + 2 = 2*v + u. Let y(z) = z**2 - 9*z - 9. Let m(d) = -2*d**2 + 19*d + 19. Let p(b) = v*m(b) + 7*y(b). Calculate p(8).
10
Let f(l) be the second derivative of -l**4/12 + 7*l**3/6 - 4*l**2 + 2*l + 4. Let z be f(6). Let j(r) = -r + 2. Calculate j(z).
4
Let s(r) = 3*r**2 - r + 4. Let t(p) = -3*p**2 - p + 5 - 10 + 11 + 3*p**2 + 4*p**2. Let y be -9*1 - (0 + -2). Let w(j) = y*s(j) + 5*t(j). Give w(-2).
-6
Let v(c) be the first derivative of -2*c**3 - c**2/2 + 48. Determine v(-1).
-5
Suppose 2*h - 8 = -0. Suppose -h*o + f + 0 = 10, f = -2. Let n(u) = u**3 + 3*u**2 - u + 4. Calculate n(o).
7
Let h(w) = w**2 + 10*w - 23. Let j be h(-12). Let o(l) = -2 - l**2 - 2 - 6*l + 1 - j. Let n(m) = -2*m. Let c be n(2). Determine o(c).
4
Let t(p) = -3*p**3 - 24*p**2 - 32*p - 9. Suppose -3 = -3*k - 27. Let m(o) = o**3 + 8*o**2 + 11*o + 3. Let j(u) = k*m(u) - 3*t(u). Determine j(-7).
-4
Let x(z) = 20*z + 16*z - 4 + 21*z - 52*z. Calculate x(-3).
-19
Let w(n) = n**2 + 5*n + 1. Let x be (-3)/5 - (-22)/(-5). Let t be w(x). Let p be 4/(t/3*3). Let l(d) = -d**3 + 5*d**2 - 4*d + 4. What is l(p)?
4
Let j(q) = -4*q**2 - 8. Let u(s) = s**3 + 9*s**2 + s + 20. Let d(x) = 5*j(x) + 2*u(x). What is d(0)?
0
Let g(x) = 6 + 0*x**3 + x**2 + 7*x**2 - 8*x**3 - 9*x + 15*x**3 - 8*x**3. What is g(7)?
-8
Suppose 2*k + 2*w + 16 = 0, -5*k = -k + 5*w + 37. Let g = 4 + -8. Let s(y) = -y**2 - y + 5. Let f(h) = h**2 + h - 4. Let o(i) = g*f(i) + k*s(i). Determine o(1).
-1
Let a(l) = 3*l + 5. Suppose 6 = 2*y - 2*j, -12 = -0*y - 4*y - 5*j. Suppose -16 = y*u + k, 4*u = -u + 2*k - 34. Give a(u).
-13
Let v(l) be the second derivative of 1/60*l**5 - 2/3*l**3 + 0 - 1/24*l**4 + 4*l + 3/2*l**2. Let k(g) be the first derivative of v(g). What is k(-3)?
8
Let w = -75 + 81. Let x(z) = 5*z**3 + 15*z**2 - 4*z + 6. Let h(u) = -4*u**3 - 14*u**2 + 5*u - 5. Let i(c) = w*h(c) + 5*x(c). Calculate i(8).
16
Let v(h) = -h**3 - 6*h**2 + 8*h + 3. Let a(g) = 6*g**3 + g**2 - g + 1. Let n be a(1). Suppose 39 = -5*p - 2*o, n*o = -3*p + 2*o - 31. Give v(p).
-4
Let k(j) = j - 4. Let p be 5/((-45)/12)*3. Let c be p/(-3) - 12/9. Let l(m) = 2*m + 3. Let s be l(c). Determine k(s).
-1
Let h(m) = -41*m**3 - 4*m + 80*m**2 + 5*m - 80*m**2. Give h(-1).
40
Let o = 8 + -5. Let h(s) = 9*s + 12. Let n(i) = -11*i - 14. Let b(c) = -6*h(c) - 5*n(c). Calculate b(o).
1
Suppose -4*m + 10 = -2*m. Let a(t) = -7*t**2 + 5*t + 3. Let g(i) = -10*i**2 + 8*i + 4. Let h(x) = m*g(x) - 7*a(x). What is h(3)?
5
Suppose 3*m - 3*k + 167 = -28, -2*k = 5*m + 325. Let i = m - -70. Let d(c) = c - 6. Give d(i).
-1
Let q(a) = -a. Let n(i) = 6*i - 28. Let g(o) = -n(o) - 4*q(o). Calculate g(13).
2
Let r(i) be the third derivative of 1/2*i**3 - 1/8*i**4 - 8*i**2 + 0*i + 0. Let p = -7 + 10. What is r(p)?
-6
Let j(x) = -x**2 + x - 2. Suppose 2 = -5*z - g + 6, 2*g - 8 = 3*z. Let w(t) be the first derivative of t**3/3 + 2*t + 1. Let r be w(z). Determine j(r).
-4
Let p(d) = 7*d**2 + 2*d - 1. Suppose -j + 5 + 6 = 0. Let x = 12 - j. Determine p(x).
8
Let b = 10 + -16. Let q(h) = -h - 8. Give q(b).
-2
Let n(m) = -2*m**2 - 2*m - 3. Let t = 14 + 143. Let p = t + -161. Calculate n(p).
-27
Let o(f) = -f**3 - 2. Let m(t) = 8*t**3 - 2*t**2 + t - 10. Let z(u) = -m(u) + 5*o(u). What is z(1)?
-12
Suppose 0 = 3*c + 4*t - 3*t - 37, -5*t + 9 = -c. Let o(n) = 3*n**2 + 21*n - 9. Let u(v) = 2*v**2 + 19*v - 10. Let g(q) = -3*o(q) + 4*u(q). Give g(c).
9
Let v(j) = -j**3 + 9*j**2 - 7*j + 4. Let w be v(8). Let o = w - 15. Let z(p) = -p**2 - p + 2. What is z(o)?
-4
Let w(o) = -2*o + 3. Let h = 39 + -29. Let u(b) = b**3 - 11*b**2 + 13*b - 24. Let k be u(h). Calculate w(k).
-9
Let l(t) = -3*t - 2 + 9*t + 2*t - 10*t - 1. Give l(-4).
5
Suppose -q - 3*a - 2*a + 18 = 0, 0 = 3*a - 9. Let n(i) = 5*i**2 - 3 - 11*i - i**q + 2*i**2 + 18*i - 2*i**2. Calculate n(6).
3
Let d(s) = 35*s**2 - 101*s - 2. Let g be d(3). Let i(u) = -u**3 + 10*u**2 - 2. Determine i(g).
-2
Let i = 83 + -129. Let k = i + 47. Let v(w) = 26*w**2 - w. Determine v(k).
25
Let i = 439 - 869/2. Let d(f) be the second derivative of i*f**2 + 0 - 4*f - 4/3*f**3 + 1/12*f**4. Calculate d(6).
-3
Let c(z) = -z**3 + 2*z**2 + 2*z + 3. Let w(k) = 2*k - 13. Let b be w(5). Let y be ((-12)/(-16))/(b/(-12)). What is c(y)?
0
Let y(q) = 1 - 10*q**2 + 37*q**2 - 2*q - 22*q**2. Suppose i - 6*i = -5. Calculate y(i).
4
Let p(f) = 80 + 48 - 71*f + 86*f + 26. Determine p(-10).
4
Let l(v) = -5*v**3 - 2*v**2 + 2*v - 21. Let z(w) = -29*w**3 - 6 - w**2 - 5 + 26*w**3 + w. Let n(q) = -4*l(q) + 7*z(q). Calculate n(0).
7
Suppose 6*r = -18 - 30. Let f = r - -10. Suppose -f*c + 6 = -b - 4, 4*b = 3*c - 25. Let m(a) = -a**3 + 3*a**2 + 5*a - 4. What is m(c)?
11
Let u(r) = r**3 - 9*r**2 - 7*r - 16. Suppose 0 = 4*c - 3*f - 40, -3*c + 37*f = 33*f - 30. Calculate u(c).
14
Let m(r) = -r**3 - 12*r**2 - 10*r - 12. Let k(q) = 3*q**3 + 37*q**2 + 29*q + 32. Let f(b) = 2*k(b) + 7*m(b). Calculate f(-9).
7
Let v(w) = w**2 - 15*w - 22. Let h = -7 - -23. Give v(h).
-6
Let w(h) = -h**2 - 2*h + 4. Suppose 2*z - 5*b + 10 = 0, 4*z + b = 2*b - 38. Let v be (-1 - z)*(-6)/18. Calculate w(v).
1
Let b(r) be the third derivative of -r**9/60480 - r**8/4032 - r**7/1008 - r**6/720 - r**5/3 + r**2. Let a(h) be the third derivative of b(h). Determine a(-4).
3
Let y = -12 + 32. Suppose 2*m = 4*b + y, -3*b - 6 = 3*m - 0. Let g(o) = o + o + 10*o**m + 0*o + 1. Calculate g(-1).
9
Let s(x) = -15*x**2. Suppose 3*b + 2 + 0 = -2*g, -5*g = -3*b + 26. Suppose -b*q + 2 = 4. Calculate s(q).
-15
Let w(t) = 2*t + 3. Let h = -869 + 870. What is w(h)?
5
Let x(w) = -5*w**2 - 4 + 3*w**2 - 4*w**2 - w**3. Let k = 3657 - 3663. What is x(k)?
-4
Let c = -47 + 164. Let g(y) = -13 + 118*y + 3 - c*y + y**2. Determine g(0).
-10
Suppose 16 = 5*m + 6. Suppose m = y + 1. Let r(n) be the second derivative of 7*n**5/20 - n**2/2 + 10*n. Determine r(y).
6
Let z(i) = -3*i - 8. Let q = 37 + -34. Let l(p) = -p**2 + 2*p - 3. Let o be l(q). Determine z(o).
10
Let g(f) = f + 1. Let u(b) = -13*b - 3. Let o(a) = -4*g(a) - u(a). What is o(-1)?
-10
Let z(a) = 10*a**2 - 12*a - 15 + a**3 + 0*a**3 + 0*a**3. Let h(b) = -10*b**2 + 29*b - 30. Let t be h(1). Give z(t).
-4
Let u(h) = -h - 7. Suppose -b + 2*b = -35. Let m = 35 + b. Suppose 4*z + 8 + 16 = m. What is u(z)?
-1
Let b be -3*((-7)/(-6) - 16/32). Let d(f) = -f**2 - 5*f - 1. What is d(b)?
5
Let k = -13 - -6. Let u(a) = -5*a + 20 - a - 34 + a + 16 - a**2. Give u(k).
-12
Let s be 4 - (-143)/(-44) - (-2)/8. Let d(q) = 9*q**2 + 7*q + 5. Let i(h) = -4*h**2 - 3*h - 2. Let j(u) = -2*d(u) - 5*i(u). What is j(s)?
3
Let z(s) be the third derivative of -s**5/60 + 11*s**4/24 + s**3/6 + 53*s**2. Calculate z(9).
19
Let x(v) = -v. Let d(b) = -2 - 1 + 2 + 2. Let p(t) = -3*d(t) - 2*x(t). What is p(7)?
11
Let g(w) = -w**2 - 13*w - 7. Let f be g(-12). Suppose 23 = 